s divided by 14.
11
Suppose -85 = 2*g - 265. Calculate the remainder when g is divided by 15.
0
Suppose -5*r = -5*y + 1275, -2*y + 514 = 66*r - 64*r. Calculate the remainder when y is divided by 86.
84
Suppose 7*x - 9*x + 3*p + 31 = 0, 0 = -4*x + 5*p + 59. What is the remainder when 153 is divided by x?
10
Let k(t) = 2*t**3 - 7*t**2 + t + 9. Calculate the remainder when k(3) is divided by (-7 - -6)*3/(-1).
0
Let z(m) = -2*m - 1 - 5*m - 20. What is the remainder when z(-9) is divided by 15?
12
Suppose -87 = 5*n - 32. Let h(l) = l**2 + 10*l + 23. Let w be h(n). Let d = w + -31. Calculate the remainder when d is divided by 1.
0
Let p(h) = 7*h**2 - 7*h + 5. Suppose 45*b - 469 = 116. Calculate the remainder when p(4) is divided by b.
11
Let g(m) = -m**3 - 1. Suppose -1 = 3*f + 32. Let s = f - -37. Calculate the remainder when s is divided by g(-2).
5
Let z = 97 - 58. Calculate the remainder when 128 is divided by z.
11
Calculate the remainder when 26 is divided by (-48 + 45)/((-3)/19).
7
Suppose 161 = 3*g + u, -255 = -5*g + u - 0*u. Suppose -132 = -6*d - 6*d. What is the remainder when g is divided by d?
8
Let x(j) be the first derivative of 5*j**2/2 + 1. Calculate the remainder when x(2) is divided by -48 + 56 - 2/2.
3
Let j(h) = 3*h**2 + 77*h + 18. Calculate the remainder when j(-29) is divided by 39.
35
Let f(j) = 62*j - 3. Let c be f(2). Let k = c - -4. What is the remainder when k is divided by -32*(-4)/24*6?
29
Let p(k) = k - 1. Suppose -2*g = -0 - 2. Let n be g - (-3)/(3 + -2). Calculate the remainder when p(n) is divided by 2.
1
Let c be (4/3)/4*12. Suppose c*u + u = -15. What is the remainder when (-10)/(-15) + (-292)/u is divided by 25?
23
Suppose 2*c = l + 5 - 17, -25 = -5*c. Suppose -2*j - 210 = -7*j. Calculate the remainder when j is divided by l.
20
Calculate the remainder when 52 is divided by ((-26)/78)/((-1)/90).
22
Suppose -796*l = -793*l - 57. Calculate the remainder when 797 is divided by l.
18
Suppose 0*g = 2*g - 10. Suppose 0 = 3*w + 4*i + 10, -g*w + 5*i = -43 + 13. Suppose w*v = 9 + 57. What is the remainder when v is divided by 17?
16
Calculate the remainder when 97 is divided by -3 - (46/(-2))/(2/2).
17
What is the remainder when 0 - (1/1 - 68) is divided by 295/15 - (-20)/(-12)?
13
Suppose 4*q = 3*q + 5. Suppose t - q = -3. Suppose 0 = m - 1 - 3. What is the remainder when m is divided by t?
0
Let w(x) = x**2 + 13*x - 10. Let p be w(-14). Suppose 3*z + p*t = 19, -t = z - 4 - 2. What is the remainder when 19 is divided by z?
4
Calculate the remainder when 35 is divided by (-12)/78 - 186/(-26).
0
Suppose -9*j + 802 = 19. Calculate the remainder when j is divided by 23.
18
Let b = 1711 - 894. Suppose -5*h + b = -h - d, 2*d + 10 = 0. Calculate the remainder when h is divided by 41.
39
Let s = 1 - -76. What is the remainder when s is divided by 27?
23
Let t(c) = 40*c**2 - c. Suppose 4*g = -u + g + 18, 2*u + g - 11 = 0. Suppose -u*y + 32 = y. What is the remainder when t(1) is divided by y?
7
Suppose -2*a = -a + 24. Let s = -15 - a. What is the remainder when (0 - -3)/(s/108) is divided by 13?
10
Let j = -433 - -512. Calculate the remainder when 1025 is divided by j.
77
Let s = -519 - -533. What is the remainder when 150 is divided by s?
10
Let w(m) = -m + 51. Calculate the remainder when w(0) is divided by (-20 - (-114)/19)/(1/(-2)).
23
Let s be ((-30)/(-5))/(-2)*-1. Let r be (-15)/(-5) - (1 - s). Suppose -5*i + 112 = h, 2*h - r = -2*i + 43. Calculate the remainder when i is divided by 9.
4
Let v be (-355)/30 - 2/12. Let u = v + 6. What is the remainder when u/(-4)*(5 - -1) is divided by 6?
3
Let z(v) = -v - 2. Let h be z(-7). Suppose -3*q = 0, 4*g - h*g = -4*q - 7. Suppose 3*n - 9 = 0, -n + 66 = 5*u - 2. What is the remainder when u is divided by g?
6
Let m(w) = w**3 + 3*w**2 - 7*w - 1. What is the remainder when 137 is divided by m(2)?
2
Let w(a) = -a**3 - 7*a**2 + 13*a + 5. What is the remainder when 198 is divided by w(-9)?
48
Let o(i) = -2*i**3 + 12*i**2 - 13*i - 5. Calculate the remainder when 271 is divided by o(4).
5
Suppose s + 4*q - 43 + 173 = 0, -4*s - 5*q - 498 = 0. Calculate the remainder when 18/24 + s/(-8) is divided by 10.
6
Suppose -10 = t - 0. Let y(v) = v**2 + 8*v - 18. Suppose 7*n - 18 = 4*n. Calculate the remainder when n is divided by y(t).
0
Suppose 9*p = 4194 + 414. What is the remainder when p is divided by 57?
56
Suppose 4*s - 36*i + 34*i - 86 = 0, -s + 5*i - 1 = 0. What is the remainder when 1029 is divided by s?
21
Let i = -39 + 55. Calculate the remainder when 18 is divided by i.
2
Let r be 0/1 - -2*1. Suppose -3*n = -t - 4 + r, -4*n + 2*t + 2 = 0. Suppose 6 - 40 = -34*z. What is the remainder when n is divided by z?
0
Suppose 0*l - 2*l + 18 = -4*t, -4*l = -4*t - 44. Suppose 0 = 5*o + 5*y - 145, -o + 5*y + 37 = 8*y. What is the remainder when o is divided by l?
12
Let h(y) = 3*y - 11. Let j be h(15). Let i = -30 + j. Calculate the remainder when 31 is divided by i.
3
Let v = -7 + 29. Let t = v - 9. Let z(i) = 2*i**3 + 4*i**2 + 2*i + 49. What is the remainder when z(0) is divided by t?
10
Suppose 2*g - 47 = 35. Suppose l - 4*w = -4*l - 28, -l = 3*w + 17. Let q = l + 30. Calculate the remainder when g is divided by q.
19
Suppose z = 3*z + 12. Let v be z - 2*(-9)/6. Let b = 10 - v. Calculate the remainder when b is divided by 7.
6
Suppose -204*t = -200*t - 96. What is the remainder when 73 is divided by t?
1
Calculate the remainder when 368 is divided by (-4 - -3)/((-17)/(-85)) + 68.
53
Let c = -201 - -75. Let m = 158 + c. What is the remainder when 60 is divided by m?
28
Let x = 3 - 5. What is the remainder when (6/3)/(x/(-102)) is divided by 26?
24
What is the remainder when 273 is divided by 279/4 + (12/16)/(-1)?
66
Suppose -3*o - 3*a = -45, -5*o + 2*a + 43 = -18. Suppose 0 = 4*n + 16, -14 = -y + n + o. Calculate the remainder when 43 is divided by y.
20
Let b = 67 - 98. Let w = b + 35. What is the remainder when 11 is divided by w?
3
Let c = 20 - 10. Suppose 114 = 4*n - c*n. Let k = -12 - n. What is the remainder when 11 is divided by k?
4
What is the remainder when 120 is divided by ((-506)/161)/((-6)/21)?
10
Let w = 11 + -11. Let f(g) = -g + 3. Calculate the remainder when 23 is divided by f(w).
2
Let g = -42 - -41. Calculate the remainder when 53 is divided by g*(3 - (2 - -9)).
5
Let m(j) = 10*j - 22. What is the remainder when 215 is divided by m(4)?
17
Suppose x = 3*x - 14. Let t(q) = -q**3 + 7*q**2 + 7*q + 3. Let p = 40 - 29. Calculate the remainder when t(x) is divided by p.
8
Let p be 5 - (-15)/(-6)*2. Calculate the remainder when 111 is divided by p - (-14 + (-2 - 3)).
16
Suppose 5*c - 105 + 45 = 5*o, 2*c - 45 = -5*o. Let v = -142 + 216. Calculate the remainder when v is divided by c.
14
Let n = -1314 - -1423. Calculate the remainder when n is divided by 22.
21
What is the remainder when 61 is divided by ((-774)/8)/(-3) - 6/(-8)?
28
Suppose 2*b = 20 + 2. Let z = b + -7. Suppose -4*a - z*w + 42 = -2*w, 3*a - 3*w - 54 = 0. What is the remainder when a is divided by 7?
6
Suppose 3*k - 4*p = 379, -4*k + 515 = 2*p - 27. Let z = k - 125. Calculate the remainder when 14 is divided by z.
6
Suppose 3*i = v - 58, 5*i - 7 = v - 59. Calculate the remainder when v is divided by 23.
21
What is the remainder when 184 is divided by 4 - -6*(-116)/(-24)*2?
60
Let q be (-210)/20*4/(-3). Let k be (-9)/(-63) + (-44)/q. Let n = k + 28. What is the remainder when n is divided by 9?
7
Let m = -35 - -37. Suppose 0 = -4*a - 3*s + 52, m*a = -2*s - 3*s + 26. Let y(b) = 52*b**2 - 1. What is the remainder when y(-1) is divided by a?
12
Let h(i) = 4*i**2 - 154*i + 228. Suppose 27 + 13 = 4*p. Let o = p + -6. What is the remainder when h(37) is divided by o?
2
Suppose 3*i - 114 - 237 = -4*p, -p = 0. Let g = 140 - i. Suppose w - 18 = -2*w. Calculate the remainder when g is divided by w.
5
Let h = -662 - -872. Calculate the remainder when h is divided by 31.
24
Let s(o) = -o**3 + 10*o**2 - 9*o + 3. Let k be 1 + 1 - 0/1. Let m be (-30)/(-3) + k/(-1). Calculate the remainder when s(m) is divided by 10.
9
Let u = -909 + 1038. Calculate the remainder when u is divided by 24.
9
Suppose 5*r + 4 = -3*z, -4*z + 6*r + 43 = 3*r. Suppose 2*o - 146 = -5*d - 46, -3*d + 71 = -o. What is the remainder when d is divided by z?
1
Suppos